s of 10392.
2, 3, 433
What are the prime factors of 3850?
2, 5, 7, 11
What are the prime factors of 14131?
13, 1087
What are the prime factors of 17159?
17159
List the prime factors of 2791.
2791
What are the prime factors of 428?
2, 107
List the prime factors of 34937.
7, 23, 31
What are the prime factors of 103518?
2, 3, 71
What are the prime factors of 14029?
14029
List the prime factors of 13055.
5, 7, 373
What are the prime factors of 342?
2, 3, 19
What are the prime factors of 31793?
31793
What are the prime factors of 124612?
2, 31153
What are the prime factors of 2583?
3, 7, 41
What are the prime factors of 7083?
3, 787
What are the prime factors of 19517?
29, 673
List the prime factors of 37953.
3, 4217
List the prime factors of 3572.
2, 19, 47
What are the prime factors of 38587?
47, 821
List the prime factors of 3862.
2, 1931
What are the prime factors of 3751?
11, 31
List the prime factors of 1754.
2, 877
What are the prime factors of 45406?
2, 73, 311
What are the prime factors of 1807?
13, 139
List the prime factors of 7120.
2, 5, 89
What are the prime factors of 340?
2, 5, 17
List the prime factors of 22765.
5, 29, 157
List the prime factors of 38262.
2, 3, 7, 911
List the prime factors of 7206.
2, 3, 1201
What are the prime factors of 21303?
3, 263
List the prime factors of 61513.
137, 449
List the prime factors of 6124.
2, 1531
List the prime factors of 11363.
11, 1033
What are the prime factors of 58887?
3, 727
What are the prime factors of 4313?
19, 227
What are the prime factors of 53?
53
List the prime factors of 10765.
5, 2153
What are the prime factors of 1147?
31, 37
List the prime factors of 20211.
3, 6737
What are the prime factors of 388?
2, 97
What are the prime factors of 65626?
2, 11, 19, 157
What are the prime factors of 1208?
2, 151
List the prime factors of 39982.
2, 19991
List the prime factors of 1503.
3, 167
What are the prime factors of 6561?
3
What are the prime factors of 11916?
2, 3, 331
List the prime factors of 3349.
17, 197
What are the prime factors of 25627?
7, 523
What are the prime factors of 10516?
2, 11, 239
What are the prime factors of 964?
2, 241
What are the prime factors of 272?
2, 17
List the prime factors of 1970.
2, 5, 197
What are the prime factors of 66?
2, 3, 11
List the prime factors of 9986.
2, 4993
List the prime factors of 68329.
68329
What are the prime factors of 2126?
2, 1063
List the prime factors of 1563.
3, 521
List the prime factors of 13755.
3, 5, 7, 131
List the prime factors of 24352.
2, 761
What are the prime factors of 3323?
3323
List the prime factors of 46731.
3, 37, 421
What are the prime factors of 9491?
9491
List the prime factors of 1650.
2, 3, 5, 11
List the prime factors of 6119.
29, 211
What are the prime factors of 1187?
1187
List the prime factors of 325.
5, 13
List the prime factors of 2215.
5, 443
What are the prime factors of 324?
2, 3
What are the prime factors of 4006?
2, 2003
List the prime factors of 7922.
2, 17, 233
What are the prime factors of 916?
2, 229
What are the prime factors of 497?
7, 71
What are the prime factors of 6302?
2, 23, 137
What are the prime factors of 423?
3, 47
What are the prime factors of 42458?
2, 13, 23, 71
List the prime factors of 200854.
2, 29, 3463
List the prime factors of 649.
11, 59
List the prime factors of 2438.
2, 23, 53
List the prime factors of 15800.
2, 5, 79
What are the prime factors of 13346?
2, 6673
List the prime factors of 352.
2, 11
List the prime factors of 463.
463
What are the prime factors of 2662?
2, 11
List the prime factors of 37816.
2, 29, 163
What are the prime factors of 18910?
2, 5, 31, 61
List the prime factors of 5831.
7, 17
List the prime factors of 159.
3, 53
What are the prime factors of 2193?
3, 17, 43
List the prime factors of 23800.
2, 5, 7, 17
What are the prime factors of 12839?
37, 347
What are the prime factors of 190?
2, 5, 19
What are the prime factors of 1385?
5, 277
List the prime factors of 2919.
3, 7, 139
What are the prime factors of 3823?
3823
What are the prime factors of 16125?
3, 5, 43
What are the prime factors of 59492?
2, 107, 139
List the prime factors of 17451.
3, 7, 277
What are the prime factors of 8595?
3, 5, 191
What are the prime factors of 7403?
11, 673
What are the prime factors of 3018?
2, 3, 503
What are the prime factors of 5533?
11, 503
What are the prime factors of 78?
2, 3, 13
List the prime factors of 44939.
44939
What are the prime factors of 66?
2, 3, 11
What are the prime factors of 50537?
97, 521
List the prime factors of 7995.
3, 5, 13, 41
What are the prime factors of 4944?
2, 3, 103
What are the prime factors of 1821?
3, 607
List the prime factors of 43384.
2, 11, 17, 29
What are the prime factors of 1498?
2, 7, 107
What are the prime factors of 851?
23, 37
What are the prime factors of 9544?
2, 1193
What are the prime factors of 5495?
5, 7, 157
What are the prime factors of 1779?
3, 593
List the prime factors of 12152.
2, 7, 31
List the prime factors of 5468.
2, 1367
List the prime factors of 2212.
2, 7, 79
List the prime factors of 790.
2, 5, 79
List the prime factors of 3219.
3, 29, 37
List the prime factors of 286.
2, 11, 13
What are the prime factors of 408?
2, 3, 17
What are the prime factors of 62171?
62171
What are the prime factors of 11392?
2, 89
List the prime factors of 1815.
3, 5, 11
What are the prime factors of 10598?
2, 7, 757
List the prime factors of 4986.
2, 3, 277
List the prime factors of 6405.
3, 5, 7, 61
What are the prime factors of 1048?
2, 131
What are the prime factors of 50846?
2, 25423
List the prime factors of 7568.
2, 11, 43
List the prime factors of 63451.
107, 593
What are the prime factors of 1508?
2, 13, 29
What are the prime factors of 3054?
2, 3, 509
List the prime factors of 37771.
107, 353
List the prime factors of 23029.
23029
What are the prime factors of 3450?
2, 3, 5, 23
What are the prime factors of 1987?
1987
What are the prime factors of 3032?
2, 379
List the prime factors of 27616.
2, 863
What are the prime factors of 157815?
3, 5, 7, 167
What are the prime factors of 9236?
2, 2309
What are the prime factors of 50396?
2, 43, 293
List the prime factors of 4193.
7, 599
What are the prime factors of 70301?
7, 11, 83
List the prime factors of 23448.
2, 3, 977
What are the prime factors of 32828?
2, 29, 283
What are the prime factors of 5103?
3, 7
What are the prime factors of 545?
5, 109
List the prime factors of 41.
41
What are the prime factors of 3012?
2, 3, 251
What are the prime factors of 10648?
2, 11
What are the prime factors of 719?
719
List the prime factors of 2599.
23, 113
List the prime factors of 129933.
3, 14437
What are the prime factors of 2732?
2, 683
What are the prime factors of 132?
2, 3, 11
What are the prime factors of 390?
2, 3, 5, 13
What are the prime factors of 122606?
2, 11, 5573
What are the prime factors of 14036?
2, 11, 29
List the prime factors of 697.
17, 41
List the prime factors of 5241.
3, 1747
List the prime factors of 4458.
2, 3, 743
List the prime factors of 318.
2, 3, 53
What are the prime factors of 44572?
2, 11, 1013
What are the prime factors of 51278?
2, 25639
List the prime factors of 954.
2, 3, 53
What are the prime factors of 8130?
2, 3, 5, 271
What are the prime factors of 1903?
11, 173
What are the prime factors of 23522?
2, 19, 619
What are the prime factors of 103562?
2, 53, 977
List the prime factors of 2272.
2, 71
List the prime factors of 28311.
3, 9437
List the prime factors of 1690.
2, 5, 13
List the prime factors of 28000.
2, 5, 7
List the prime factors of 379.
379
List the prime factors of 11397.
3, 29, 131
List the prime factors of 4162.
2, 2081
What are the prime factors of 4793?
4793
What are the prime factors of 890?
2, 5, 89
List the prime factors of 166340.
2, 5, 8317
What are the prime factors of 6916?
2, 7, 13, 19
List the prime factors of 171.
3, 19
List the prime factors of 64706.
2, 32353
List the prime factors of 133.
7, 19
List the prime factors of 3096.
2, 3, 43
List the prime factors of 145.
5, 29
List the prime factors of 528.
2, 3, 11
List the prime factors of 7463.
17, 439
What are the prime factors of 10306?
2, 5153
What are the prime factors of 868?
2, 7, 31
What are the prime factors of 39941?
11, 3631
List the prime fac